{"id":465,"date":"2023-11-10T11:40:03","date_gmt":"2023-11-10T09:40:03","guid":{"rendered":"https:\/\/internat.mtf.stuba.sk\/?page_id=465"},"modified":"2024-01-16T10:06:06","modified_gmt":"2024-01-16T08:06:06","slug":"hostia","status":"publish","type":"page","link":"https:\/\/internat.mtf.stuba.sk\/?page_id=465","title":{"rendered":"Ubytovanie host\u00ed"},"content":{"rendered":"<p>\u0160DaJ M.Uhra poskytuje kr\u00e1tkodob\u00e9 ubytovanie hos\u0165om v\u00a0bloku A\u00a0a\u00a0B.<br \/>\nV\u00a0pr\u00edpade z\u00e1ujmu o\u00a0ubytovanie je potrebn\u00e9, aby si ka\u017ed\u00fd hos\u0165 vytvoril rezerv\u00e1ciu prostredn\u00edctvom aplik\u00e1cie<\/p>\n<ul>\n<li><a href=\"https:\/\/sdaj.mtf.stuba.sk\/reservation\">Aplik\u00e1cia na vytvorenie rezerv\u00e1cie hos\u0165a<\/a> \/ <a href=\"https:\/\/sdaj.mtf.stuba.sk\/reservation\/english\">ENG<\/a><\/li>\n<li><a href=\"https:\/\/internat.mtf.stuba.sk\/wp-content\/uploads\/2024\/01\/Cennik-od-1.1.2024.pdf\">Cenn\u00edk pre letn\u00e9 ubytovanie od 1.1.2024<\/a><\/li>\n<\/ul>\n<p><strong>BLOK A <\/strong>\u2013 k\u00a0dispoz\u00edcii s\u00fa:<\/p>\n<ul>\n<li><strong><u>dva apartm\u00e1ny (A-1, A-2)<br \/>\n<\/u><\/strong>Ka\u017ed\u00fd apartm\u00e1n m\u00e1 jednu izbu s dvomi poste\u013eami a jednu izbu \u2013 ob\u00fdva\u010dku. V apartm\u00e1ne sa nach\u00e1dza chladni\u010dka, mikrovlnka, r\u00fdchlovarn\u00e1 kanvica a TV prij\u00edma\u010d. K dispoz\u00edcii je soci\u00e1lne zariadenie (WC a sprcha).<br \/>\n<a href=\"https:\/\/internat.mtf.stuba.sk\/wp-content\/uploads\/2024\/01\/host-a01.png\"><img loading=\"lazy\" decoding=\"async\" class=\"aligncenter size-full wp-image-489\" src=\"https:\/\/internat.mtf.stuba.sk\/wp-content\/uploads\/2024\/01\/host-a01.png\" alt=\"\" width=\"1024\" height=\"704\" srcset=\"https:\/\/internat.mtf.stuba.sk\/wp-content\/uploads\/2024\/01\/host-a01.png 1024w, https:\/\/internat.mtf.stuba.sk\/wp-content\/uploads\/2024\/01\/host-a01-300x206.png 300w, https:\/\/internat.mtf.stuba.sk\/wp-content\/uploads\/2024\/01\/host-a01-768x528.png 768w\" sizes=\"auto, (max-width: 1024px) 100vw, 1024px\" \/><\/a><\/li>\n<li><strong><u>dve jednol\u00f4\u017ekov\u00e9 izby (H-1,H-2)<\/u><\/strong><u>,<\/u> na ktor\u00fdch sa nach\u00e1dza chladni\u010dka, mikrovlnka, r\u00fdchlovarn\u00e1 kanvica a TV prij\u00edma\u010d. K dispoz\u00edcii je spolo\u010dn\u00e9 soci\u00e1lne zariadenie (WC a sprcha).<br \/>\n<a href=\"https:\/\/internat.mtf.stuba.sk\/wp-content\/uploads\/2024\/01\/host-a02.png\"><img loading=\"lazy\" decoding=\"async\" class=\"aligncenter size-full wp-image-491\" src=\"https:\/\/internat.mtf.stuba.sk\/wp-content\/uploads\/2024\/01\/host-a02.png\" alt=\"\" width=\"1024\" height=\"704\" srcset=\"https:\/\/internat.mtf.stuba.sk\/wp-content\/uploads\/2024\/01\/host-a02.png 1024w, https:\/\/internat.mtf.stuba.sk\/wp-content\/uploads\/2024\/01\/host-a02-300x206.png 300w, https:\/\/internat.mtf.stuba.sk\/wp-content\/uploads\/2024\/01\/host-a02-768x528.png 768w\" sizes=\"auto, (max-width: 1024px) 100vw, 1024px\" \/><\/a><\/li>\n<li><strong><u>dve jednol\u00f4\u017ekov\u00e9 izby (H-4,H-5)<\/u><\/strong> na ktor\u00fdch sa nach\u00e1dza chladni\u010dka, mikrovlnka, r\u00fdchlovarn\u00e1 kanvica a TV prij\u00edma\u010d. K dispoz\u00edcii je samostatn\u00e9 soci\u00e1lne zariadenie (WC a sprcha).<br \/>\n<a href=\"https:\/\/internat.mtf.stuba.sk\/wp-content\/uploads\/2024\/01\/host-a03.png\"><img loading=\"lazy\" decoding=\"async\" class=\"aligncenter size-full wp-image-493\" src=\"https:\/\/internat.mtf.stuba.sk\/wp-content\/uploads\/2024\/01\/host-a03.png\" alt=\"\" width=\"1024\" height=\"704\" srcset=\"https:\/\/internat.mtf.stuba.sk\/wp-content\/uploads\/2024\/01\/host-a03.png 1024w, https:\/\/internat.mtf.stuba.sk\/wp-content\/uploads\/2024\/01\/host-a03-300x206.png 300w, https:\/\/internat.mtf.stuba.sk\/wp-content\/uploads\/2024\/01\/host-a03-768x528.png 768w\" sizes=\"auto, (max-width: 1024px) 100vw, 1024px\" \/><\/a><\/li>\n<li><strong><u>dvojl\u00f4\u017ekov\u00e1 izba (H3)<\/u><\/strong> na ktor\u00fdch sa nach\u00e1dza chladni\u010dka, mikrovlnka, r\u00fdchlovarn\u00e1 kanvica a TV prij\u00edma\u010d. K dispoz\u00edcii je samostatn\u00e9 soci\u00e1lne zariadenie (WC a sprcha).<br \/>\n<a href=\"https:\/\/internat.mtf.stuba.sk\/wp-content\/uploads\/2024\/01\/host-a04.png\"><img loading=\"lazy\" decoding=\"async\" class=\"aligncenter size-full wp-image-494\" src=\"https:\/\/internat.mtf.stuba.sk\/wp-content\/uploads\/2024\/01\/host-a04.png\" alt=\"\" width=\"1024\" height=\"704\" srcset=\"https:\/\/internat.mtf.stuba.sk\/wp-content\/uploads\/2024\/01\/host-a04.png 1024w, https:\/\/internat.mtf.stuba.sk\/wp-content\/uploads\/2024\/01\/host-a04-300x206.png 300w, https:\/\/internat.mtf.stuba.sk\/wp-content\/uploads\/2024\/01\/host-a04-768x528.png 768w\" sizes=\"auto, (max-width: 1024px) 100vw, 1024px\" \/><\/a><\/li>\n<li><strong>Slu\u017eobn\u00fd byt<\/strong> \u2013 nach\u00e1dza sa tu chodba, kuchy\u0148a \u2013 je vybaven\u00e1 spor\u00e1kom, r\u00farou, r\u00fdchlovarnou kanvicou, riadmi. V ob\u00fdvacej izbe je k dispoz\u00edcii TV prij\u00edma\u010d. Sp\u00e1l\u0148a s dvomi poste\u013eami, soci\u00e1lne zariadenie a WC.<br \/>\nNa spolo\u010dnej chodbi\u010dke sa nach\u00e1dza chladni\u010dka, r\u00fdchlovarn\u00e1 kanvica a\u00a0mikrovlnka.<br \/>\n<a href=\"https:\/\/internat.mtf.stuba.sk\/wp-content\/uploads\/2024\/01\/host-a05.png\"><img loading=\"lazy\" decoding=\"async\" class=\"aligncenter size-full wp-image-495\" src=\"https:\/\/internat.mtf.stuba.sk\/wp-content\/uploads\/2024\/01\/host-a05.png\" alt=\"\" width=\"1024\" height=\"704\" srcset=\"https:\/\/internat.mtf.stuba.sk\/wp-content\/uploads\/2024\/01\/host-a05.png 1024w, https:\/\/internat.mtf.stuba.sk\/wp-content\/uploads\/2024\/01\/host-a05-300x206.png 300w, https:\/\/internat.mtf.stuba.sk\/wp-content\/uploads\/2024\/01\/host-a05-768x528.png 768w\" sizes=\"auto, (max-width: 1024px) 100vw, 1024px\" \/><\/a><\/li>\n<\/ul>\n<p><strong>BLOK B<\/strong> \u2013 k\u00a0dispoz\u00edcii je 5 buniek.<\/p>\n<p>Na ka\u017edej bunke sa nach\u00e1dzaj\u00fa dve dvojl\u00f4\u017ekov\u00e9 izby, ktor\u00e9 vyu\u017e\u00edvaj\u00fa spolo\u010dn\u00e9 soci\u00e1lne zariadenie (WC, k\u00fape\u013e\u0148a). Na ka\u017edej izbe sa nach\u00e1dza TV prij\u00edma\u010d.<\/p>\n<figure id=\"attachment_486\" aria-describedby=\"caption-attachment-486\" style=\"width: 1024px\" class=\"wp-caption aligncenter\"><a href=\"https:\/\/internat.mtf.stuba.sk\/wp-content\/uploads\/2024\/01\/host-a06.jpg\"><img loading=\"lazy\" decoding=\"async\" class=\"size-full wp-image-486\" src=\"https:\/\/internat.mtf.stuba.sk\/wp-content\/uploads\/2024\/01\/host-a06.jpg\" alt=\"\" width=\"1024\" height=\"704\" srcset=\"https:\/\/internat.mtf.stuba.sk\/wp-content\/uploads\/2024\/01\/host-a06.jpg 1024w, https:\/\/internat.mtf.stuba.sk\/wp-content\/uploads\/2024\/01\/host-a06-300x206.jpg 300w, https:\/\/internat.mtf.stuba.sk\/wp-content\/uploads\/2024\/01\/host-a06-768x528.jpg 768w\" sizes=\"auto, (max-width: 1024px) 100vw, 1024px\" \/><\/a><figcaption id=\"caption-attachment-486\" class=\"wp-caption-text\">xr:d:DAF6BxwSpaE:3,j:8856744314255836066,t:24011607<\/figcaption><\/figure>\n<p>&nbsp;<\/p>\n","protected":false},"excerpt":{"rendered":"<p>\u0160DaJ M.Uhra poskytuje kr\u00e1tkodob\u00e9 ubytovanie hos\u0165om v\u00a0bloku A\u00a0a\u00a0B. V\u00a0pr\u00edpade z\u00e1ujmu o\u00a0ubytovanie je potrebn\u00e9, aby si ka\u017ed\u00fd hos\u0165 vytvoril rezerv\u00e1ciu prostredn\u00edctvom aplik\u00e1cie Aplik\u00e1cia na vytvorenie rezerv\u00e1cie hos\u0165a \/ ENG Cenn\u00edk pre letn\u00e9 ubytovanie od 1.1.2024 BLOK A \u2013 k\u00a0dispoz\u00edcii s\u00fa: dva apartm\u00e1ny (A-1, A-2) Ka\u017ed\u00fd apartm\u00e1n m\u00e1 jednu izbu s dvomi poste\u013eami a jednu izbu \u2013 ob\u00fdva\u010dku. V apartm\u00e1ne sa nach\u00e1dza chladni\u010dka, mikrovlnka, r\u00fdchlovarn\u00e1 kanvica a TV prij\u00edma\u010d. K dispoz\u00edcii je soci\u00e1lne zariadenie (WC a sprcha). dve jednol\u00f4\u017ekov\u00e9 izby (H-1,H-2), na ktor\u00fdch sa nach\u00e1dza chladni\u010dka, mikrovlnka, r\u00fdchlovarn\u00e1 kanvica a TV prij\u00edma\u010d. K dispoz\u00edcii je spolo\u010dn\u00e9 soci\u00e1lne zariadenie (WC a sprcha). dve jednol\u00f4\u017ekov\u00e9 izby (H-4,H-5) na ktor\u00fdch sa nach\u00e1dza chladni\u010dka, mikrovlnka, r\u00fdchlovarn\u00e1 kanvica a TV prij\u00edma\u010d. K dispoz\u00edcii je samostatn\u00e9 soci\u00e1lne zariadenie (WC a sprcha). dvojl\u00f4\u017ekov\u00e1 izba (H3) na ktor\u00fdch sa nach\u00e1dza chladni\u010dka, mikrovlnka, r\u00fdchlovarn\u00e1 kanvica a TV prij\u00edma\u010d. K dispoz\u00edcii je samostatn\u00e9 soci\u00e1lne zariadenie (WC a sprcha). Slu\u017eobn\u00fd byt \u2013 nach\u00e1dza sa tu chodba, kuchy\u0148a \u2013 je vybaven\u00e1 spor\u00e1kom, r\u00farou, r\u00fdchlovarnou kanvicou, riadmi. V ob\u00fdvacej izbe je k dispoz\u00edcii TV prij\u00edma\u010d. Sp\u00e1l\u0148a s dvomi poste\u013eami, soci\u00e1lne zariadenie a WC. Na spolo\u010dnej chodbi\u010dke sa nach\u00e1dza chladni\u010dka, r\u00fdchlovarn\u00e1 kanvica a\u00a0mikrovlnka. BLOK B \u2013 k\u00a0dispoz\u00edcii je 5 buniek. Na ka\u017edej bunke sa nach\u00e1dzaj\u00fa dve dvojl\u00f4\u017ekov\u00e9 izby, ktor\u00e9 vyu\u017e\u00edvaj\u00fa spolo\u010dn\u00e9 soci\u00e1lne zariadenie (WC, k\u00fape\u013e\u0148a). Na ka\u017edej izbe sa nach\u00e1dza TV prij\u00edma\u010d. &nbsp;<\/p>\n","protected":false},"author":1,"featured_media":0,"parent":0,"menu_order":0,"comment_status":"closed","ping_status":"closed","template":"","meta":{"footnotes":""},"class_list":["post-465","page","type-page","status-publish","hentry"],"_links":{"self":[{"href":"https:\/\/internat.mtf.stuba.sk\/index.php?rest_route=\/wp\/v2\/pages\/465","targetHints":{"allow":["GET"]}}],"collection":[{"href":"https:\/\/internat.mtf.stuba.sk\/index.php?rest_route=\/wp\/v2\/pages"}],"about":[{"href":"https:\/\/internat.mtf.stuba.sk\/index.php?rest_route=\/wp\/v2\/types\/page"}],"author":[{"embeddable":true,"href":"https:\/\/internat.mtf.stuba.sk\/index.php?rest_route=\/wp\/v2\/users\/1"}],"replies":[{"embeddable":true,"href":"https:\/\/internat.mtf.stuba.sk\/index.php?rest_route=%2Fwp%2Fv2%2Fcomments&post=465"}],"version-history":[{"count":15,"href":"https:\/\/internat.mtf.stuba.sk\/index.php?rest_route=\/wp\/v2\/pages\/465\/revisions"}],"predecessor-version":[{"id":498,"href":"https:\/\/internat.mtf.stuba.sk\/index.php?rest_route=\/wp\/v2\/pages\/465\/revisions\/498"}],"wp:attachment":[{"href":"https:\/\/internat.mtf.stuba.sk\/index.php?rest_route=%2Fwp%2Fv2%2Fmedia&parent=465"}],"curies":[{"name":"wp","href":"https:\/\/api.w.org\/{rel}","templated":true}]}}

Ubytovanie hostí

<p>ŠDaJ M.Uhra poskytuje krátkodobé ubytovanie hosťom v bloku A a B.<br />
V prípade záujmu o ubytovanie je potrebné, aby si každý hosť vytvoril rezerváciu prostredníctvom aplikácie</p>
<ul>
<li><a href="https://sdaj.mtf.stuba.sk/reservation">Aplikácia na vytvorenie rezervácie hosťa</a> / <a href="https://sdaj.mtf.stuba.sk/reservation/english">ENG</a></li>
<li><a href="https://internat.mtf.stuba.sk/wp-content/uploads/2024/01/Cennik-od-1.1.2024.pdf">Cenník pre letné ubytovanie od 1.1.2024</a></li>
</ul>
<p><strong>BLOK A </strong>– k dispozícii sú:</p>
<ul>
<li><strong><u>dva apartmány (A-1, A-2)<br />
</u></strong>Každý apartmán má jednu izbu s dvomi posteľami a jednu izbu – obývačku. V apartmáne sa nachádza chladnička, mikrovlnka, rýchlovarná kanvica a TV prijímač. K dispozícii je sociálne zariadenie (WC a sprcha).<br />
<a href="https://internat.mtf.stuba.sk/wp-content/uploads/2024/01/host-a01.png"><img loading="lazy" decoding="async" class="aligncenter size-full wp-image-489" src="https://internat.mtf.stuba.sk/wp-content/uploads/2024/01/host-a01.png" alt="" width="1024" height="704" srcset="https://internat.mtf.stuba.sk/wp-content/uploads/2024/01/host-a01.png 1024w, https://internat.mtf.stuba.sk/wp-content/uploads/2024/01/host-a01-300x206.png 300w, https://internat.mtf.stuba.sk/wp-content/uploads/2024/01/host-a01-768x528.png 768w" sizes="auto, (max-width: 1024px) 100vw, 1024px" /></a></li>
<li><strong><u>dve jednolôžkové izby (H-1,H-2)</u></strong><u>,</u> na ktorých sa nachádza chladnička, mikrovlnka, rýchlovarná kanvica a TV prijímač. K dispozícii je spoločné sociálne zariadenie (WC a sprcha).<br />
<a href="https://internat.mtf.stuba.sk/wp-content/uploads/2024/01/host-a02.png"><img loading="lazy" decoding="async" class="aligncenter size-full wp-image-491" src="https://internat.mtf.stuba.sk/wp-content/uploads/2024/01/host-a02.png" alt="" width="1024" height="704" srcset="https://internat.mtf.stuba.sk/wp-content/uploads/2024/01/host-a02.png 1024w, https://internat.mtf.stuba.sk/wp-content/uploads/2024/01/host-a02-300x206.png 300w, https://internat.mtf.stuba.sk/wp-content/uploads/2024/01/host-a02-768x528.png 768w" sizes="auto, (max-width: 1024px) 100vw, 1024px" /></a></li>
<li><strong><u>dve jednolôžkové izby (H-4,H-5)</u></strong> na ktorých sa nachádza chladnička, mikrovlnka, rýchlovarná kanvica a TV prijímač. K dispozícii je samostatné sociálne zariadenie (WC a sprcha).<br />
<a href="https://internat.mtf.stuba.sk/wp-content/uploads/2024/01/host-a03.png"><img loading="lazy" decoding="async" class="aligncenter size-full wp-image-493" src="https://internat.mtf.stuba.sk/wp-content/uploads/2024/01/host-a03.png" alt="" width="1024" height="704" srcset="https://internat.mtf.stuba.sk/wp-content/uploads/2024/01/host-a03.png 1024w, https://internat.mtf.stuba.sk/wp-content/uploads/2024/01/host-a03-300x206.png 300w, https://internat.mtf.stuba.sk/wp-content/uploads/2024/01/host-a03-768x528.png 768w" sizes="auto, (max-width: 1024px) 100vw, 1024px" /></a></li>
<li><strong><u>dvojlôžková izba (H3)</u></strong> na ktorých sa nachádza chladnička, mikrovlnka, rýchlovarná kanvica a TV prijímač. K dispozícii je samostatné sociálne zariadenie (WC a sprcha).<br />
<a href="https://internat.mtf.stuba.sk/wp-content/uploads/2024/01/host-a04.png"><img loading="lazy" decoding="async" class="aligncenter size-full wp-image-494" src="https://internat.mtf.stuba.sk/wp-content/uploads/2024/01/host-a04.png" alt="" width="1024" height="704" srcset="https://internat.mtf.stuba.sk/wp-content/uploads/2024/01/host-a04.png 1024w, https://internat.mtf.stuba.sk/wp-content/uploads/2024/01/host-a04-300x206.png 300w, https://internat.mtf.stuba.sk/wp-content/uploads/2024/01/host-a04-768x528.png 768w" sizes="auto, (max-width: 1024px) 100vw, 1024px" /></a></li>
<li><strong>Služobný byt</strong> – nachádza sa tu chodba, kuchyňa – je vybavená sporákom, rúrou, rýchlovarnou kanvicou, riadmi. V obývacej izbe je k dispozícii TV prijímač. Spálňa s dvomi posteľami, sociálne zariadenie a WC.<br />
Na spoločnej chodbičke sa nachádza chladnička, rýchlovarná kanvica a mikrovlnka.<br />
<a href="https://internat.mtf.stuba.sk/wp-content/uploads/2024/01/host-a05.png"><img loading="lazy" decoding="async" class="aligncenter size-full wp-image-495" src="https://internat.mtf.stuba.sk/wp-content/uploads/2024/01/host-a05.png" alt="" width="1024" height="704" srcset="https://internat.mtf.stuba.sk/wp-content/uploads/2024/01/host-a05.png 1024w, https://internat.mtf.stuba.sk/wp-content/uploads/2024/01/host-a05-300x206.png 300w, https://internat.mtf.stuba.sk/wp-content/uploads/2024/01/host-a05-768x528.png 768w" sizes="auto, (max-width: 1024px) 100vw, 1024px" /></a></li>
</ul>
<p><strong>BLOK B</strong> – k dispozícii je 5 buniek.</p>
<p>Na každej bunke sa nachádzajú dve dvojlôžkové izby, ktoré využívajú spoločné sociálne zariadenie (WC, kúpeľňa). Na každej izbe sa nachádza TV prijímač.</p>
<figure id="attachment_486" aria-describedby="caption-attachment-486" style="width: 1024px" class="wp-caption aligncenter"><a href="https://internat.mtf.stuba.sk/wp-content/uploads/2024/01/host-a06.jpg"><img loading="lazy" decoding="async" class="size-full wp-image-486" src="https://internat.mtf.stuba.sk/wp-content/uploads/2024/01/host-a06.jpg" alt="" width="1024" height="704" srcset="https://internat.mtf.stuba.sk/wp-content/uploads/2024/01/host-a06.jpg 1024w, https://internat.mtf.stuba.sk/wp-content/uploads/2024/01/host-a06-300x206.jpg 300w, https://internat.mtf.stuba.sk/wp-content/uploads/2024/01/host-a06-768x528.jpg 768w" sizes="auto, (max-width: 1024px) 100vw, 1024px" /></a><figcaption id="caption-attachment-486" class="wp-caption-text">xr:d:DAF6BxwSpaE:3,j:8856744314255836066,t:24011607</figcaption></figure>
<p>&nbsp;</p>

<p>ŠDaJ M.Uhra poskytuje krátkodobé ubytovanie hosťom v bloku A a B. V prípade záujmu o ubytovanie je potrebné, aby si každý hosť vytvoril rezerváciu prostredníctvom aplikácie Aplikácia na vytvorenie rezervácie hosťa / ENG Cenník pre letné ubytovanie od 1.1.2024 BLOK A – k dispozícii sú: dva apartmány (A-1, A-2) Každý apartmán má jednu izbu s dvomi posteľami a jednu izbu – obývačku. V apartmáne sa nachádza chladnička, mikrovlnka, rýchlovarná kanvica a TV prijímač. K dispozícii je sociálne zariadenie (WC a sprcha). dve jednolôžkové izby (H-1,H-2), na ktorých sa nachádza chladnička, mikrovlnka, rýchlovarná kanvica a TV prijímač. K dispozícii je spoločné sociálne zariadenie (WC a sprcha). dve jednolôžkové izby (H-4,H-5) na ktorých sa nachádza chladnička, mikrovlnka, rýchlovarná kanvica a TV prijímač. K dispozícii je samostatné sociálne zariadenie (WC a sprcha). dvojlôžková izba (H3) na ktorých sa nachádza chladnička, mikrovlnka, rýchlovarná kanvica a TV prijímač. K dispozícii je samostatné sociálne zariadenie (WC a sprcha). Služobný byt – nachádza sa tu chodba, kuchyňa – je vybavená sporákom, rúrou, rýchlovarnou kanvicou, riadmi. V obývacej izbe je k dispozícii TV prijímač. Spálňa s dvomi posteľami, sociálne zariadenie a WC. Na spoločnej chodbičke sa nachádza chladnička, rýchlovarná kanvica a mikrovlnka. BLOK B – k dispozícii je 5 buniek. Na každej bunke sa nachádzajú dve dvojlôžkové izby, ktoré využívajú spoločné sociálne zariadenie (WC, kúpeľňa). Na každej izbe sa nachádza TV prijímač. &nbsp;</p>
